mainder when 1 - (-126 + 1) - 0 is divided by z.
30
Let t be (0 - 2)/(0 - 1). Suppose -3*h = -t*r + 2, 0 = -r - 5*h - 3 + 30. Let f(l) = 3*l + 8. What is the remainder when f(4) is divided by r?
6
Suppose -34 = -4*r - 9*v + 7*v, 2*r - 20 = -4*v. Suppose -r*i + 371 = -i. Calculate the remainder when i is divided by 15.
8
Suppose 0 = 4*n, 2*n = -k - 3*k + 88. Suppose 14 = 2*v - 10. Let f = k - v. What is the remainder when 39 is divided by f?
9
Suppose 2*t = 3*g - 6*g + 34, -5*t + 76 = 3*g. What is the remainder when t is divided by 4?
2
Let s(w) = w**3 + 15*w**2 - 19*w + 48. Calculate the remainder when s(-16) is divided by 72.
24
What is the remainder when 702 is divided by (-39 - -41)/((-6)/10 - -1)?
2
Let x = 79 - -54. Suppose -12*z - 612 = -30*z. What is the remainder when x is divided by z?
31
Suppose 27*m = 25*m + z - 15, -5*m - 30 = -5*z. Let l(k) be the first derivative of -k**2/2 + 1. What is the remainder when 25 is divided by l(m)?
7
Let x(j) = 5*j - 16 - 13*j**3 + 12*j**3 - 2*j**2 - j. Calculate the remainder when 153 is divided by x(-5).
36
Calculate the remainder when 90 is divided by (9*3/18)/(2/32).
18
Let o = 45 - 21. Calculate the remainder when 46 is divided by 5*1/(10/o).
10
Let l(b) = 27*b**2 + 12*b - 33. Calculate the remainder when l(4) is divided by 90.
87
Let v be (-5 - -429)/(4/2). Suppose 23 = -4*n - p + v, 3*n - 145 = -4*p. What is the remainder when n is divided by 16?
15
Suppose 0 = 918*n - 929*n + 143. Calculate the remainder when 958 is divided by n.
9
Suppose 0 = -t + 2*r - 10, -4*r + 9 = 3*t - 1. Let h be (-5)/((-10)/14) + t. Suppose h*q = 15 + 25. Calculate the remainder when q is divided by 3.
2
Let z(v) = 24*v - 4. Let w be z(-3). Let y(b) = -2*b**3 - 10*b**2 - 10*b - 8. Let h be y(-6). Let r = w + h. What is the remainder when r is divided by 17?
14
Let k(v) = -17*v + 31. Let n be k(-4). Suppose m = -2*m + 4*h + n, -2*m + h = -66. Let f = -94 + 158. What is the remainder when f is divided by m?
31
Let f be 1/2 - 1/(-2). Suppose 0 = -k + 5*s + 25, 0 = s - 6 + 3. What is the remainder when k is divided by 147/(-14)*f*-2?
19
Calculate the remainder when (-9096)/(-108) - 8/36 is divided by 23.
15
Let r(n) = -n + 81. What is the remainder when r(0) is divided by 6?
3
Suppose -5*h - 5*q + 30 = 0, 0*q + 16 = -2*h + 5*q. Suppose c + 5*y - 14 = 0, -c + 16 = h*y + y. Calculate the remainder when c is divided by 6.
1
Suppose 3*b - 90 = b + 4*d, 3*b + 2*d = 103. Calculate the remainder when 73 is divided by b.
36
Suppose -b + 9 = -h - 25, -67 = -2*b + 3*h. Suppose -2*x = x - 627. What is the remainder when x is divided by b?
34
Let x be (-10)/30 - 29/3. Let h(p) = -p**2 - 9*p + 13. Calculate the remainder when (-31)/(-3) - (-6)/9 is divided by h(x).
2
What is the remainder when 6*-1*(-186)/18 is divided by 38?
24
Let k = -33 - -69. Suppose 3*v - 53 = -2*s, 3*v + s - 55 = -0*v. What is the remainder when k is divided by v?
17
Suppose 2*n - 3*z = 2, -n = z - 6 - 0. Suppose 8*r - 7*r = n. Let s(v) = -2*v**3 - 4*v**2 - 2*v + 1. What is the remainder when s(-2) is divided by r?
1
Let i = -262 - -279. What is the remainder when 152 is divided by i?
16
Let h be 15/(-4) + (-8)/32. Let w be (-20)/(-3) + h/(-12). Suppose 2*j + 12 = 2*x, w = -3*x - 4*j + 4. What is the remainder when 11 is divided by x?
2
Let t be (-2)/3 - 187/(-51). Suppose -m + 57 = 4*k, -t*k - m = -0*k - 44. What is the remainder when 22 is divided by k?
9
Suppose -2*p + y + 140 = -117, 3*y = 2*p - 251. What is the remainder when p is divided by 46?
38
Let a(y) = 8*y - 7. Let h be a(6). Suppose -m - h = -2*m. What is the remainder when 122 is divided by m?
40
Let v = 357 - 346. What is the remainder when v is divided by 1?
0
Let v(f) = 3*f**2 + 24*f + 22. What is the remainder when 302 is divided by v(-8)?
16
Suppose 196 + 224 = 12*j. Calculate the remainder when j is divided by 9.
8
Let t(s) = -s - 10. Suppose -v = 5*w - 121, w - 45 = 2*v + 3*v. What is the remainder when w is divided by t(-19)?
7
Suppose 0*d + 74 = d - 2*a, a + 4 = 0. Suppose -62 = -3*g + 2*g + 2*c, 0 = -g - 2*c + d. What is the remainder when g is divided by 13?
12
Let f(y) = y**2 + y + 1. Let b be f(-3). Let i(a) = -2*a**2 + 14*a - 9. Let p be i(b). Calculate the remainder when 57 is divided by (-30)/p*12/2.
17
Suppose 48 = b + 3*b. Let s(z) = -z**2 - 27*z + 2. Let r be s(-27). Let d = b - r. What is the remainder when 47 is divided by d?
7
Suppose 68*d - 855 = 23*d. What is the remainder when d is divided by 11?
8
Suppose 4*w = -4*z + 248, 4*w - 388 = 4*z - 116. Calculate the remainder when w is divided by 33.
32
Let z(c) = -2*c - 64. What is the remainder when (-40)/(-6) - (-3)/9 is divided by z(-33)?
1
Suppose 0 = j - 2, -2*s + 7*j - 10*j = -12. Let w be (6 - (-2)/(-1)) + 2. Suppose 0 = -n + w*n - 45. Calculate the remainder when n is divided by s.
0
Suppose 3*n = -0*n - 5*t + 203, -n = 3*t - 65. Let s = n - 53. What is the remainder when 32 is divided by s?
14
Let s(l) = 4*l + 42. What is the remainder when 52 is divided by s(-7)?
10
Let m be 36/(-60)*20/(-6). Suppose 5*r - 5*u - 18 - 127 = 0, -m*r - 5*u = -58. Suppose 0 = 3*d - d - 32. Calculate the remainder when r is divided by d.
13
Suppose -u + 0 + 1 = 0, -4*n = 3*u - 19. Suppose -c + n*z = -9, -3*z = 4*c + 2*z - 120. What is the remainder when 47 is divided by c?
22
Suppose -8*d + 169 = -519. What is the remainder when (d/(-4) - (-6)/(-4))*-3 is divided by 37?
32
Suppose 4*c + 2404 = 5*u, 3*c - 1240 + 260 = -2*u. Calculate the remainder when u is divided by 238.
8
Suppose -5*o + 0*o + 205 = 5*r, 4*o - 182 = 5*r. Suppose 7*s - 386 = -o. What is the remainder when s is divided by 26?
23
Let i(h) = -2 - 3 + 5*h + 3*h**2 + 4. What is the remainder when 38 is divided by i(2)?
17
Suppose -69 = -2*a + r, -3*a + 63 = -3*r - 42. What is the remainder when 156 is divided by a?
20
Suppose -73 = -11*g + 202. Let y = 21 + -7. What is the remainder when g is divided by y?
11
Suppose -602 = -6*p + 13*p. Let l = -65 - p. What is the remainder when l is divided by 9?
3
Suppose 37 = -t - 5*v, -2*t - 3*v - 34 = 5. Let z be 81/6*8/t. Let h = z + 25. What is the remainder when 63 is divided by h?
15
Let l(u) = -u. Let c be l(7). What is the remainder when (-1)/c - (-13500)/70 is divided by 28?
25
Suppose -u + 5 = 0, 1 + 2 = r - u. Suppose -a = 4*a - 4*b - 153, 93 = 3*a - 3*b. Calculate the remainder when a is divided by r.
5
Let f(t) = -2*t**3 + 6*t**2 + 5*t + 1. What is the remainder when f(-2) is divided by 0 - -9 - (-1 - 1)?
9
Suppose -4*c + 5*q + 282 = 99, 5*c + q - 265 = 0. Calculate the remainder when 93 is divided by c.
41
Let k be 28/(-6)*42/(-49). Suppose -115 = k*v - 9*v. Calculate the remainder when v is divided by 5.
3
Let n(z) = -2*z**2 + 58*z - 24. Calculate the remainder when n(26) is divided by 23.
17
Let a be 6/(-36) - (-19)/6. Let d be -1 - (-2 + a) - -8. Suppose -5*v + d = -2*x + 41, -x - 5*v = -55. What is the remainder when 89 is divided by x?
29
Let p(b) = -15*b**2 + b. Let y be p(1). Suppose -204 = -3*t - t. Let m = y + t. What is the remainder when m is divided by 13?
11
Suppose 38 = 5*n + 3. Calculate the remainder when 8/(-14) - 9963/(-861) is divided by n.
4
Let w(p) be the first derivative of 10*p**3 - p**2/2 - 2*p + 14. Calculate the remainder when w(-1) is divided by 15.
14
Suppose 13*l = 43*l - 2340. What is the remainder when 232 is divided by l?
76
Suppose 840 = m - 2*n, -54*n + 2519 = 3*m - 59*n. Calculate the remainder when m is divided by 4.
2
Suppose -d = 6*d - 21. What is the remainder when 76 is divided by 69/d - (-2 + -1)/1?
24
Suppose 5*q - q - 111 = c, 0 = -2*q + 3*c + 63. Let h(x) = x**3 - 4*x**2 - 2*x - 6. Let f be h(5). Let l = f - 2. What is the remainder when q is divided by l?
6
Let m(p) = p + 2. What is the remainder when 8/(-6)*12*-1*1 is divided by m(4)?
4
What is the remainder when 103 is divided by 2/14 - 2440/(-70)?
33
Let c = 224 + -141. Suppose 0 = -0*h - 2*h + o + 29, 9 = h + 5*o. What is the remainder when c is divided by h?
13
Suppose -2*t = -28 - 8. Let b(k) = -k + 39. Calculate the remainder when b(5) is divided by t.
16
Let k = -47 + 50. Suppose g - k*w = 12, 5*w = -3*g - 5 - 1. Calculate the remainder when 0/(-5) - (-7 - -1) is divided by g.
0
Let q(v) = -v**3 + 3*v**2 + v + 1. Let k